 is the greatest common divisor of 556968767 and 5305?
1061
Calculate the greatest common divisor of 15251333 and 8798.
4399
Calculate the greatest common factor of 70611259 and 203.
29
Calculate the highest common factor of 3780 and 26256090.
210
What is the highest common divisor of 143 and 1517048962?
143
Calculate the highest common factor of 215688 and 6156.
228
Calculate the greatest common factor of 835 and 91349.
167
What is the highest common factor of 2548146 and 1?
1
Calculate the highest common divisor of 167288610 and 6648.
1662
What is the highest common factor of 7826 and 25701?
13
Calculate the highest common divisor of 48 and 952965528.
24
Calculate the highest common factor of 5435282 and 1268.
634
Calculate the greatest common factor of 4065869 and 36401.
409
Calculate the greatest common divisor of 222999 and 1841.
7
Calculate the greatest common factor of 26600 and 12806.
38
What is the greatest common factor of 50 and 72719770?
10
What is the highest common divisor of 5755659 and 533?
13
What is the greatest common divisor of 2180 and 69830?
10
Calculate the greatest common divisor of 73990866 and 55734.
7962
What is the highest common factor of 89816 and 325068?
412
What is the greatest common divisor of 42341140 and 24?
4
What is the greatest common divisor of 1630 and 1519836450?
1630
Calculate the highest common divisor of 40362630 and 9090.
3030
What is the greatest common factor of 98499082 and 382?
382
Calculate the greatest common divisor of 46013 and 50212732.
4183
What is the greatest common factor of 807 and 90887837?
269
Calculate the greatest common divisor of 32 and 256227824.
16
Calculate the greatest common factor of 10783 and 795049.
263
Calculate the highest common divisor of 48781213 and 39.
13
Calculate the highest common factor of 838417410 and 444.
222
What is the greatest common divisor of 56 and 6860693?
7
What is the highest common divisor of 16362 and 641451?
303
What is the highest common factor of 90 and 134116146?
18
Calculate the greatest common divisor of 95986 and 42922.
22
What is the greatest common factor of 43470990 and 60?
30
Calculate the greatest common divisor of 4368 and 15055264.
112
What is the greatest common factor of 45 and 65088405?
45
What is the highest common factor of 124214 and 1962166?
346
Calculate the greatest common divisor of 192 and 278526192.
48
What is the greatest common factor of 30420884 and 37700?
1508
Calculate the greatest common factor of 13410 and 13590.
90
Calculate the greatest common divisor of 306 and 433194.
102
What is the highest common divisor of 132498 and 57409?
17
Calculate the greatest common factor of 1035 and 8010969.
69
What is the highest common divisor of 4752 and 19565766?
594
Calculate the highest common divisor of 264312 and 376848.
72
What is the greatest common divisor of 3630 and 24924185?
605
Calculate the greatest common factor of 27280671 and 29595.
5919
What is the highest common factor of 42701981 and 164150?
3283
What is the greatest common divisor of 81757 and 774871?
331
Calculate the greatest common factor of 8 and 61167544.
8
Calculate the greatest common factor of 180499 and 5731.
11
Calculate the greatest common divisor of 59069405 and 1035.
115
What is the highest common factor of 6504 and 9277872?
24
What is the highest common factor of 987 and 1710142?
329
What is the greatest common factor of 17419352 and 342?
38
What is the greatest common factor of 9176 and 197802?
74
What is the highest common divisor of 1285925 and 400?
25
Calculate the greatest common divisor of 5658 and 190578.
138
Calculate the greatest common divisor of 12150 and 42885126.
486
Calculate the greatest common factor of 32 and 17882780.
4
What is the greatest common divisor of 2107 and 352163?
49
What is the highest common factor of 5064 and 10088754?
1266
What is the greatest common divisor of 10397 and 557223?
281
Calculate the highest common factor of 15168 and 3479792.
1264
What is the greatest common factor of 744 and 20826327?
93
Calculate the highest common divisor of 2363 and 187405499.
139
Calculate the highest common divisor of 129672 and 9564.
12
Calculate the highest common factor of 114231 and 3828.
87
What is the highest common factor of 31824 and 3128?
136
What is the greatest common factor of 1233 and 1380339?
9
What is the greatest common factor of 29311384 and 11568?
1928
Calculate the highest common divisor of 1464549 and 21.
3
Calculate the highest common divisor of 87702449 and 6388.
1597
Calculate the greatest common divisor of 31 and 76071613.
31
Calculate the highest common divisor of 1057540 and 4455.
55
Calculate the highest common factor of 1811699 and 318.
53
What is the greatest common divisor of 606953 and 469?
67
Calculate the greatest common factor of 2041 and 106496.
13
What is the highest common divisor of 52558981 and 1147?
1147
What is the greatest common divisor of 3913371 and 539?
77
What is the greatest common factor of 507 and 21101171?
169
Calculate the highest common factor of 3732905 and 121.
11
What is the highest common factor of 11739195 and 19305?
1755
What is the greatest common divisor of 124 and 124335916?
124
What is the highest common divisor of 522 and 46924038?
18
What is the greatest common divisor of 6354 and 1173408006?
2118
What is the greatest common divisor of 48729 and 363053?
439
Calculate the greatest common factor of 251133424 and 11488.
5744
What is the greatest common divisor of 44671185 and 8892?
2223
What is the greatest common divisor of 24804 and 1106163?
477
Calculate the greatest common factor of 47673 and 1251.
9
What is the highest common factor of 83688656 and 14830?
2966
Calculate the highest common factor of 357 and 5586812.
119
What is the greatest common divisor of 121124 and 13584?
1132
Calculate the greatest common divisor of 69367478 and 116.
58
Calculate the highest common factor of 121257615 and 5.
5
Calculate the greatest common divisor of 6818 and 26701236.
974
Calculate the greatest common divisor of 6208 and 199744.
64
Calculate the highest common divisor of 210656 and 118784.
928
What is the highest common divisor of 608 and 739633?
1
Calculate the highest common divisor of 151388236 and 9512.
4756
What is the highest common factor of 1780 and 462210?
10
What is the greatest common divisor of 61990446 and 21?
21
What is the highest common divisor of 1011721989 and 1671?
1671
Calculate the highest common divisor of 430 and 11578825.
215
What is the highest common divisor of 1710465269 and 58?
29
What is the highest common divisor of 91498 and 99308?
22
Calculate the highest common factor of 10494624 and 1449.
483
Calculate the highest common factor of 133811931 and 804.
201
Calculate the greatest common divisor of 135 and 590905.
5
What is the greatest common factor of 1234518602 and 1882?
1882
Calculate the highest common divisor of 16 and 15806920.
8
Calculate the greatest common divisor of 26777110 and 15864.
1322
What is the highest common factor of 55090 and 9730?
70
Calculate the highest common factor of 472941 and 3960.
9
Calculate the greatest common factor of 120 and 1228983240.
120
Calculate the highest common factor of 38 and 24332179.
19
What is the greatest common divisor of 321637182 and 6?
6
What is the greatest common factor of 5311 and 436293?
113
What is the greatest common divisor of 85762323 and 747?
747
Calculate the highest common divisor of 271915 and 425.
85
What is the highest common factor of 1158 and 86946114?
1158
What is the greatest common factor of 294 and 287858?
2
What is the greatest common divisor of 73 and 66567824?
73
Calculate the highest common factor of 14209000 and 9750.
3250
What is the highest common factor of 6182384 and 32?
16
What is the greatest common factor of 127307 and 11468?
61
Calculate the highest common divisor of 2009567 and 8239.
749
Calculate the highest common divisor of 270962 and 4139944.
4442
What is the highest common divisor of 12632 and 3329277288?
12632
What is the highest common factor of 927417 and 6693?
291
What is the highest common divisor of 30098000 and 4848?
1616
Calculate the highest common divisor of 1329250 and 165750.
3250
What is the greatest common factor of 45 and 13701705?
1